{"id":7818,"date":"2023-05-17T19:39:53","date_gmt":"2023-05-17T17:39:53","guid":{"rendered":"http:\/\/spd-boernsen.net\/?page_id=7818"},"modified":"2023-05-18T12:44:40","modified_gmt":"2023-05-18T10:44:40","slug":"kommunalwahl-2023-ortsteile","status":"publish","type":"page","link":"https:\/\/spd-boernsen.net\/?page_id=7818","title":{"rendered":"Kommunalwahl 2023, Ortsteile"},"content":{"rendered":"<div style=\"width: 92%;\">\n<p><a href=\"#001\"> &#8211; B\u00f6rnsen-Oben<\/a><br \/>\n<a href=\"#002\"> &#8211; B\u00f6rnsen-Mitte<\/a><br \/>\n<a href=\"#003\"> &#8211; B\u00f6rnsen-Unten<\/a><br \/>\n<a href=\"#gesamt\"> &#8211; B\u00f6rnsen-Gesamt<\/a><\/p>\n<p id=\"001\">B\u00f6rnsen-Oben<\/p>\n<p><a href=\"https:\/\/spd-boernsen.net\/wp-content\/uploads\/Gemeindewahl-in-Boernsen-Oben-001.png\"><img loading=\"lazy\" decoding=\"async\" class=\"aligncenter size-full wp-image-7809\" src=\"https:\/\/spd-boernsen.net\/wp-content\/uploads\/Gemeindewahl-in-Boernsen-Oben-001.png\" alt=\"\" width=\"1451\" height=\"1926\" srcset=\"https:\/\/spd-boernsen.net\/wp-content\/uploads\/Gemeindewahl-in-Boernsen-Oben-001.png 1451w, https:\/\/spd-boernsen.net\/wp-content\/uploads\/Gemeindewahl-in-Boernsen-Oben-001-226x300.png 226w, https:\/\/spd-boernsen.net\/wp-content\/uploads\/Gemeindewahl-in-Boernsen-Oben-001-771x1024.png 771w, https:\/\/spd-boernsen.net\/wp-content\/uploads\/Gemeindewahl-in-Boernsen-Oben-001-113x150.png 113w, https:\/\/spd-boernsen.net\/wp-content\/uploads\/Gemeindewahl-in-Boernsen-Oben-001-768x1019.png 768w, https:\/\/spd-boernsen.net\/wp-content\/uploads\/Gemeindewahl-in-Boernsen-Oben-001-1157x1536.png 1157w\" sizes=\"auto, (max-width: 1451px) 100vw, 1451px\" \/><\/a><\/p>\n<p id=\"002\">B\u00f6rnsen-Mitte<\/p>\n<p><a href=\"https:\/\/spd-boernsen.net\/wp-content\/uploads\/Gemeindewahl-in-Boernsen-Mitte-002.png\"><img loading=\"lazy\" decoding=\"async\" class=\"aligncenter size-full wp-image-7808\" src=\"https:\/\/spd-boernsen.net\/wp-content\/uploads\/Gemeindewahl-in-Boernsen-Mitte-002.png\" alt=\"\" width=\"1445\" height=\"1894\" srcset=\"https:\/\/spd-boernsen.net\/wp-content\/uploads\/Gemeindewahl-in-Boernsen-Mitte-002.png 1445w, https:\/\/spd-boernsen.net\/wp-content\/uploads\/Gemeindewahl-in-Boernsen-Mitte-002-229x300.png 229w, https:\/\/spd-boernsen.net\/wp-content\/uploads\/Gemeindewahl-in-Boernsen-Mitte-002-781x1024.png 781w, https:\/\/spd-boernsen.net\/wp-content\/uploads\/Gemeindewahl-in-Boernsen-Mitte-002-114x150.png 114w, https:\/\/spd-boernsen.net\/wp-content\/uploads\/Gemeindewahl-in-Boernsen-Mitte-002-768x1007.png 768w, https:\/\/spd-boernsen.net\/wp-content\/uploads\/Gemeindewahl-in-Boernsen-Mitte-002-1172x1536.png 1172w\" sizes=\"auto, (max-width: 1445px) 100vw, 1445px\" \/><\/a><\/p>\n<p id=\"003\">B\u00f6rnsen-Unten<\/p>\n<p><a href=\"https:\/\/spd-boernsen.net\/wp-content\/uploads\/Gemeindewahl-in-Boernsen-Unten-003.png\"><img loading=\"lazy\" decoding=\"async\" class=\"aligncenter size-full wp-image-7807\" src=\"https:\/\/spd-boernsen.net\/wp-content\/uploads\/Gemeindewahl-in-Boernsen-Unten-003.png\" alt=\"\" width=\"1435\" height=\"1907\" srcset=\"https:\/\/spd-boernsen.net\/wp-content\/uploads\/Gemeindewahl-in-Boernsen-Unten-003.png 1435w, https:\/\/spd-boernsen.net\/wp-content\/uploads\/Gemeindewahl-in-Boernsen-Unten-003-226x300.png 226w, https:\/\/spd-boernsen.net\/wp-content\/uploads\/Gemeindewahl-in-Boernsen-Unten-003-771x1024.png 771w, https:\/\/spd-boernsen.net\/wp-content\/uploads\/Gemeindewahl-in-Boernsen-Unten-003-113x150.png 113w, https:\/\/spd-boernsen.net\/wp-content\/uploads\/Gemeindewahl-in-Boernsen-Unten-003-768x1021.png 768w, https:\/\/spd-boernsen.net\/wp-content\/uploads\/Gemeindewahl-in-Boernsen-Unten-003-1156x1536.png 1156w\" sizes=\"auto, (max-width: 1435px) 100vw, 1435px\" \/><\/a><\/p>\n<p id=\"gesamt\">B\u00f6rnsen-Gesamt<\/p>\n<p><a href=\"https:\/\/spd-boernsen.net\/wp-content\/uploads\/Boernsen-www.wahlen-sh.de_.png\"><img loading=\"lazy\" decoding=\"async\" class=\"aligncenter size-full wp-image-7836\" src=\"https:\/\/spd-boernsen.net\/wp-content\/uploads\/Boernsen-www.wahlen-sh.de_.png\" alt=\"\" width=\"1100\" height=\"3294\" srcset=\"https:\/\/spd-boernsen.net\/wp-content\/uploads\/Boernsen-www.wahlen-sh.de_.png 1100w, https:\/\/spd-boernsen.net\/wp-content\/uploads\/Boernsen-www.wahlen-sh.de_-100x300.png 100w, https:\/\/spd-boernsen.net\/wp-content\/uploads\/Boernsen-www.wahlen-sh.de_-342x1024.png 342w, https:\/\/spd-boernsen.net\/wp-content\/uploads\/Boernsen-www.wahlen-sh.de_-50x150.png 50w, https:\/\/spd-boernsen.net\/wp-content\/uploads\/Boernsen-www.wahlen-sh.de_-768x2300.png 768w, https:\/\/spd-boernsen.net\/wp-content\/uploads\/Boernsen-www.wahlen-sh.de_-513x1536.png 513w, https:\/\/spd-boernsen.net\/wp-content\/uploads\/Boernsen-www.wahlen-sh.de_-684x2048.png 684w\" sizes=\"auto, (max-width: 1100px) 100vw, 1100px\" \/><\/a><\/p>\n<\/div>\n","protected":false},"excerpt":{"rendered":"<p>&#8211; B\u00f6rnsen-Oben &#8211; B\u00f6rnsen-Mitte &#8211; B\u00f6rnsen-Unten &#8211; B\u00f6rnsen-Gesamt B\u00f6rnsen-Oben B\u00f6rnsen-Mitte B\u00f6rnsen-Unten B\u00f6rnsen-Gesamt<\/p>\n<a href=\"https:\/\/spd-boernsen.net\/?page_id=7818\"> weiterlesen...<\/a>","protected":false},"author":1,"featured_media":0,"parent":0,"menu_order":0,"comment_status":"closed","ping_status":"closed","template":"showcase.php","meta":{"footnotes":""},"class_list":["post-7818","page","type-page","status-publish","hentry"],"_links":{"self":[{"href":"https:\/\/spd-boernsen.net\/index.php?rest_route=\/wp\/v2\/pages\/7818","targetHints":{"allow":["GET"]}}],"collection":[{"href":"https:\/\/spd-boernsen.net\/index.php?rest_route=\/wp\/v2\/pages"}],"about":[{"href":"https:\/\/spd-boernsen.net\/index.php?rest_route=\/wp\/v2\/types\/page"}],"author":[{"embeddable":true,"href":"https:\/\/spd-boernsen.net\/index.php?rest_route=\/wp\/v2\/users\/1"}],"replies":[{"embeddable":true,"href":"https:\/\/spd-boernsen.net\/index.php?rest_route=%2Fwp%2Fv2%2Fcomments&post=7818"}],"version-history":[{"count":10,"href":"https:\/\/spd-boernsen.net\/index.php?rest_route=\/wp\/v2\/pages\/7818\/revisions"}],"predecessor-version":[{"id":7838,"href":"https:\/\/spd-boernsen.net\/index.php?rest_route=\/wp\/v2\/pages\/7818\/revisions\/7838"}],"wp:attachment":[{"href":"https:\/\/spd-boernsen.net\/index.php?rest_route=%2Fwp%2Fv2%2Fmedia&parent=7818"}],"curies":[{"name":"wp","href":"https:\/\/api.w.org\/{rel}","templated":true}]}}

<div style="width: 92%;">
<p><a href="#001"> &#8211; Börnsen-Oben</a><br />
<a href="#002"> &#8211; Börnsen-Mitte</a><br />
<a href="#003"> &#8211; Börnsen-Unten</a><br />
<a href="#gesamt"> &#8211; Börnsen-Gesamt</a></p>
<p id="001">Börnsen-Oben</p>
<p><a href="https://spd-boernsen.net/wp-content/uploads/Gemeindewahl-in-Boernsen-Oben-001.png"><img loading="lazy" decoding="async" class="aligncenter size-full wp-image-7809" src="https://spd-boernsen.net/wp-content/uploads/Gemeindewahl-in-Boernsen-Oben-001.png" alt="" width="1451" height="1926" srcset="https://spd-boernsen.net/wp-content/uploads/Gemeindewahl-in-Boernsen-Oben-001.png 1451w, https://spd-boernsen.net/wp-content/uploads/Gemeindewahl-in-Boernsen-Oben-001-226x300.png 226w, https://spd-boernsen.net/wp-content/uploads/Gemeindewahl-in-Boernsen-Oben-001-771x1024.png 771w, https://spd-boernsen.net/wp-content/uploads/Gemeindewahl-in-Boernsen-Oben-001-113x150.png 113w, https://spd-boernsen.net/wp-content/uploads/Gemeindewahl-in-Boernsen-Oben-001-768x1019.png 768w, https://spd-boernsen.net/wp-content/uploads/Gemeindewahl-in-Boernsen-Oben-001-1157x1536.png 1157w" sizes="auto, (max-width: 1451px) 100vw, 1451px" /></a></p>
<p id="002">Börnsen-Mitte</p>
<p><a href="https://spd-boernsen.net/wp-content/uploads/Gemeindewahl-in-Boernsen-Mitte-002.png"><img loading="lazy" decoding="async" class="aligncenter size-full wp-image-7808" src="https://spd-boernsen.net/wp-content/uploads/Gemeindewahl-in-Boernsen-Mitte-002.png" alt="" width="1445" height="1894" srcset="https://spd-boernsen.net/wp-content/uploads/Gemeindewahl-in-Boernsen-Mitte-002.png 1445w, https://spd-boernsen.net/wp-content/uploads/Gemeindewahl-in-Boernsen-Mitte-002-229x300.png 229w, https://spd-boernsen.net/wp-content/uploads/Gemeindewahl-in-Boernsen-Mitte-002-781x1024.png 781w, https://spd-boernsen.net/wp-content/uploads/Gemeindewahl-in-Boernsen-Mitte-002-114x150.png 114w, https://spd-boernsen.net/wp-content/uploads/Gemeindewahl-in-Boernsen-Mitte-002-768x1007.png 768w, https://spd-boernsen.net/wp-content/uploads/Gemeindewahl-in-Boernsen-Mitte-002-1172x1536.png 1172w" sizes="auto, (max-width: 1445px) 100vw, 1445px" /></a></p>
<p id="003">Börnsen-Unten</p>
<p><a href="https://spd-boernsen.net/wp-content/uploads/Gemeindewahl-in-Boernsen-Unten-003.png"><img loading="lazy" decoding="async" class="aligncenter size-full wp-image-7807" src="https://spd-boernsen.net/wp-content/uploads/Gemeindewahl-in-Boernsen-Unten-003.png" alt="" width="1435" height="1907" srcset="https://spd-boernsen.net/wp-content/uploads/Gemeindewahl-in-Boernsen-Unten-003.png 1435w, https://spd-boernsen.net/wp-content/uploads/Gemeindewahl-in-Boernsen-Unten-003-226x300.png 226w, https://spd-boernsen.net/wp-content/uploads/Gemeindewahl-in-Boernsen-Unten-003-771x1024.png 771w, https://spd-boernsen.net/wp-content/uploads/Gemeindewahl-in-Boernsen-Unten-003-113x150.png 113w, https://spd-boernsen.net/wp-content/uploads/Gemeindewahl-in-Boernsen-Unten-003-768x1021.png 768w, https://spd-boernsen.net/wp-content/uploads/Gemeindewahl-in-Boernsen-Unten-003-1156x1536.png 1156w" sizes="auto, (max-width: 1435px) 100vw, 1435px" /></a></p>
<p id="gesamt">Börnsen-Gesamt</p>
<p><a href="https://spd-boernsen.net/wp-content/uploads/Boernsen-www.wahlen-sh.de_.png"><img loading="lazy" decoding="async" class="aligncenter size-full wp-image-7836" src="https://spd-boernsen.net/wp-content/uploads/Boernsen-www.wahlen-sh.de_.png" alt="" width="1100" height="3294" srcset="https://spd-boernsen.net/wp-content/uploads/Boernsen-www.wahlen-sh.de_.png 1100w, https://spd-boernsen.net/wp-content/uploads/Boernsen-www.wahlen-sh.de_-100x300.png 100w, https://spd-boernsen.net/wp-content/uploads/Boernsen-www.wahlen-sh.de_-342x1024.png 342w, https://spd-boernsen.net/wp-content/uploads/Boernsen-www.wahlen-sh.de_-50x150.png 50w, https://spd-boernsen.net/wp-content/uploads/Boernsen-www.wahlen-sh.de_-768x2300.png 768w, https://spd-boernsen.net/wp-content/uploads/Boernsen-www.wahlen-sh.de_-513x1536.png 513w, https://spd-boernsen.net/wp-content/uploads/Boernsen-www.wahlen-sh.de_-684x2048.png 684w" sizes="auto, (max-width: 1100px) 100vw, 1100px" /></a></p>
</div>

<p>&#8211; Börnsen-Oben &#8211; Börnsen-Mitte &#8211; Börnsen-Unten &#8211; Börnsen-Gesamt Börnsen-Oben Börnsen-Mitte Börnsen-Unten Börnsen-Gesamt</p>
<a href="https://spd-boernsen.net/?page_id=7818"> weiterlesen...</a>
