{"id":1714,"date":"2013-11-09T18:10:21","date_gmt":"2013-11-09T17:10:21","guid":{"rendered":"?page_id=2"},"modified":"2026-04-17T19:27:20","modified_gmt":"2026-04-17T17:27:20","slug":"home","status":"publish","type":"page","link":"https:\/\/spd-boernsen.net\/?page_id=1714","title":{"rendered":"Willkommen bei UNS"},"content":{"rendered":"<div style=\"position: absolute; left: -10px; top: 30px; width: 100px; height: 100px;\"><a href=\"wp-login.php\"><img loading=\"lazy\" decoding=\"async\" class=\" size-full \" title=\"!\" src=\"wp-content\/uploads\/3rose_min.png\" alt=\"Schenk dir eine rote Rose\" width=\"74\" height=\"63\" \/><\/a><\/div>\n<div style=\"position: absolute; left: 482px; top: -133px; width: 100px; height: 100px;\"><a href=\"wp-login.php\"><img loading=\"lazy\" decoding=\"async\" class=\"size-full \" src=\"wp-content\/uploads\/3rose_min.png\" alt=\"Schenk dir eine rote Rose\" width=\"150\" height=\"150\" \/><\/a><\/div>\n<p><a class=\"size-full\" title=\"In B\u00f6rnsen\" href=\"wp-content\/uploads\/dorfbilder_1b1.jpg\"><img loading=\"lazy\" decoding=\"async\" class=\"wp-image-129   alignleft\" style=\"border: 1px solid grey; margin-right: 2px; margin-left: 2px; margin-bottom: 8px;\" src=\" wp-content\/uploads\/rathaus6a1.jpg\" alt=\"rathaus6a1\" width=\"187\" height=\"140\" \/><\/a><\/p>\n<blockquote>\n<p><em><span style=\"font-family: verdana, geneva;\">Dass Sie uns auf unserer Webseite besuchen, freut uns.<\/span><\/em><br \/>\n<em><span style=\"font-family: verdana, geneva;\">Haben Sie unseren Ort auch schon besucht?<\/span><\/em><br \/>\n<em><span style=\"font-family: verdana, geneva;\">Dann sollten Sie das sch\u00f6ne B\u00f6rnsen einmal besuchen, es sei denn, Sie kennen es schon oder wohnen hier im Ort.<\/span><\/em><br \/>\n<em><span style=\"font-family: verdana, geneva;\">Wir von der SPD-B\u00f6rnsen sind nat\u00fcrlich stolz, mit dazu beigetragen zu haben, diesen Ort mit viel Liebe und Engagement und wie es immer so ist, mit ehrenamtlicher Arbeit, zu dem lebenswerten Ort gemacht und gestaltet zu haben.<br \/>\nSeit \u00fcber 50 Jahren war die SPD die st\u00e4rkste Gruppierung hier <\/span><\/em><em><span style=\"font-family: verdana, geneva;\">und ab 2023 wieder<\/span><\/em><em><span style=\"font-family: verdana, geneva;\">, sie hat bis 2018 den B\u00fcrgermeister gestellt <\/span><\/em><em><span style=\"font-family: verdana, geneva;\">und in diesem Jahr eine B\u00fcrgermeisterin. <\/span><\/em><em><span style=\"font-family: verdana, geneva;\">Die S<\/span><\/em><em><span style=\"font-family: verdana, geneva;\">P<\/span><\/em><em><span style=\"font-family: verdana, geneva;\">D hat wesentlich dazu beigetragen diesen Ort so liebenswert zu machen.<br \/>\nG<\/span><\/em><em><span style=\"font-family: verdana, geneva;\">enug des Lobes. Wir werden uns weiterhin f\u00fcr unseren sch\u00f6nen Ort einsetzen.<\/span><\/em><br \/>\n<em><span style=\"font-family: verdana, geneva;\">Dies machen nicht nur wir von der SPD-B\u00f6rnsen, sondern nat\u00fcrlich auch viele B\u00fcrger und B\u00fcrgerinnen.<\/span><\/em><br \/>\n<em><span style=\"font-family: verdana, geneva;\">Auch Sie k\u00f6nnen etwas mit Ihrem Engagement in der Lokalpolitik bewirken! Unser Ziel ist immer, f\u00fcr und mit den B\u00fcrgern und B\u00fcrgerinnen eine soziale und verantwortungsvolle Politik f\u00fcr unsere Gemeinde zu machen. Machen Sie mit!<\/span><\/em><\/p>\n<p>&nbsp;<\/p>\n<p><em><span style=\"font-family: verdana, geneva;\">In den jeweiligen Beitr\u00e4gen der Sitzungen wird auf die g\u00fcltige Tagesordnung verwiesen. Beim Anklicken landet man im <a href=\"https:\/\/www.amt-hohe-elbgeest.sitzung-online.de\/public\/si010\" target=\"_blank\" rel=\"noopener\">Sitzungskalender<\/a> auf der Seite des Amts Hohe Elbgeest. Sobald das Protokoll eingestellt ist, kann es auch dort im rechten oberen Teil aufgerufen werden.<\/span><\/em><\/p>\n<p><em><span style=\"font-family: verdana, geneva;\">Wir w\u00fcnschen Ihnen viel Spa\u00df beim Durchst\u00f6bern der Seiten.<\/span><\/em><\/p>\n<p><em><span style=\"font-family: verdana, geneva;\">\u00d6ffnungszeiten des Rathauses:<br \/>\nB\u00f6rnsenerstr. 21<\/span><\/em><em><br \/>\n<\/em><em><span style=\"font-family: verdana, geneva;\">Montag\u00a0 9.00-<\/span><\/em><em><span style=\"font-family: verdana, geneva;\">12<\/span><\/em><em><span style=\"font-family: verdana, geneva;\">.00 \/ <\/span><\/em><em><span style=\"font-family: verdana, geneva;\">13.00-18.00 <\/span><\/em><em><span style=\"font-family: verdana, geneva;\">Uhr<br \/>\nDonnerstag 9.00-1<\/span><\/em><em><span style=\"font-family: verdana, geneva;\">2<\/span><\/em><em><span style=\"font-family: verdana, geneva;\">.00 \/<\/span><\/em><em><span style=\"font-family: verdana, geneva;\">13.00-17 <\/span><\/em><em><span style=\"font-family: verdana, geneva;\">Uhr<br \/>\n\u00a0<\/span><\/em><em><br \/>\n<\/em><em><span style=\"font-family: verdana, geneva;\">B\u00fcrgermeister<\/span><\/em><em><span style=\"font-family: verdana, geneva;\">in-S<\/span><\/em><em><span style=\"font-family: verdana, geneva;\">prechstunde<br \/>\n<\/span><\/em><em><span style=\"font-family: verdana, geneva;\">nach vorheriger Vereinbarung<\/span><\/em><\/p>\n<\/blockquote>\n","protected":false},"excerpt":{"rendered":"<p>Dass Sie uns auf unserer Webseite besuchen, freut uns. Haben Sie unseren Ort auch schon besucht? Dann sollten Sie das sch\u00f6ne B\u00f6rnsen einmal besuchen, es sei denn, Sie kennen es schon oder wohnen hier im Ort. Wir von der SPD-B\u00f6rnsen &hellip; <a href=\"https:\/\/spd-boernsen.net\/?page_id=1714\">Weiterlesen <span class=\"meta-nav\">&rarr;<\/span><\/a><\/p>\n<a href=\"https:\/\/spd-boernsen.net\/?page_id=1714\"> weiterlesen...<\/a>","protected":false},"author":1,"featured_media":2094,"parent":0,"menu_order":0,"comment_status":"closed","ping_status":"closed","template":"sidebar-page.php","meta":{"footnotes":""},"class_list":["post-1714","page","type-page","status-publish","has-post-thumbnail","hentry"],"_links":{"self":[{"href":"https:\/\/spd-boernsen.net\/index.php?rest_route=\/wp\/v2\/pages\/1714","targetHints":{"allow":["GET"]}}],"collection":[{"href":"https:\/\/spd-boernsen.net\/index.php?rest_route=\/wp\/v2\/pages"}],"about":[{"href":"https:\/\/spd-boernsen.net\/index.php?rest_route=\/wp\/v2\/types\/page"}],"author":[{"embeddable":true,"href":"https:\/\/spd-boernsen.net\/index.php?rest_route=\/wp\/v2\/users\/1"}],"replies":[{"embeddable":true,"href":"https:\/\/spd-boernsen.net\/index.php?rest_route=%2Fwp%2Fv2%2Fcomments&post=1714"}],"version-history":[{"count":15,"href":"https:\/\/spd-boernsen.net\/index.php?rest_route=\/wp\/v2\/pages\/1714\/revisions"}],"predecessor-version":[{"id":9481,"href":"https:\/\/spd-boernsen.net\/index.php?rest_route=\/wp\/v2\/pages\/1714\/revisions\/9481"}],"wp:featuredmedia":[{"embeddable":true,"href":"https:\/\/spd-boernsen.net\/index.php?rest_route=\/"}],"wp:attachment":[{"href":"https:\/\/spd-boernsen.net\/index.php?rest_route=%2Fwp%2Fv2%2Fmedia&parent=1714"}],"curies":[{"name":"wp","href":"https:\/\/api.w.org\/{rel}","templated":true}]}}

<div style="position: absolute; left: -10px; top: 30px; width: 100px; height: 100px;"><a href="wp-login.php"><img loading="lazy" decoding="async" class=" size-full " title="!" src="wp-content/uploads/3rose_min.png" alt="Schenk dir eine rote Rose" width="74" height="63" /></a></div>
<div style="position: absolute; left: 482px; top: -133px; width: 100px; height: 100px;"><a href="wp-login.php"><img loading="lazy" decoding="async" class="size-full " src="wp-content/uploads/3rose_min.png" alt="Schenk dir eine rote Rose" width="150" height="150" /></a></div>
<p><a class="size-full" title="In Börnsen" href="wp-content/uploads/dorfbilder_1b1.jpg"><img loading="lazy" decoding="async" class="wp-image-129   alignleft" style="border: 1px solid grey; margin-right: 2px; margin-left: 2px; margin-bottom: 8px;" src=" wp-content/uploads/rathaus6a1.jpg" alt="rathaus6a1" width="187" height="140" /></a></p>
<blockquote>
<p><em><span style="font-family: verdana, geneva;">Dass Sie uns auf unserer Webseite besuchen, freut uns.</span></em><br />
<em><span style="font-family: verdana, geneva;">Haben Sie unseren Ort auch schon besucht?</span></em><br />
<em><span style="font-family: verdana, geneva;">Dann sollten Sie das schöne Börnsen einmal besuchen, es sei denn, Sie kennen es schon oder wohnen hier im Ort.</span></em><br />
<em><span style="font-family: verdana, geneva;">Wir von der SPD-Börnsen sind natürlich stolz, mit dazu beigetragen zu haben, diesen Ort mit viel Liebe und Engagement und wie es immer so ist, mit ehrenamtlicher Arbeit, zu dem lebenswerten Ort gemacht und gestaltet zu haben.<br />
Seit über 50 Jahren war die SPD die stärkste Gruppierung hier </span></em><em><span style="font-family: verdana, geneva;">und ab 2023 wieder</span></em><em><span style="font-family: verdana, geneva;">, sie hat bis 2018 den Bürgermeister gestellt </span></em><em><span style="font-family: verdana, geneva;">und in diesem Jahr eine Bürgermeisterin. </span></em><em><span style="font-family: verdana, geneva;">Die S</span></em><em><span style="font-family: verdana, geneva;">P</span></em><em><span style="font-family: verdana, geneva;">D hat wesentlich dazu beigetragen diesen Ort so liebenswert zu machen.<br />
G</span></em><em><span style="font-family: verdana, geneva;">enug des Lobes. Wir werden uns weiterhin für unseren schönen Ort einsetzen.</span></em><br />
<em><span style="font-family: verdana, geneva;">Dies machen nicht nur wir von der SPD-Börnsen, sondern natürlich auch viele Bürger und Bürgerinnen.</span></em><br />
<em><span style="font-family: verdana, geneva;">Auch Sie können etwas mit Ihrem Engagement in der Lokalpolitik bewirken! Unser Ziel ist immer, für und mit den Bürgern und Bürgerinnen eine soziale und verantwortungsvolle Politik für unsere Gemeinde zu machen. Machen Sie mit!</span></em></p>
<p>&nbsp;</p>
<p><em><span style="font-family: verdana, geneva;">In den jeweiligen Beiträgen der Sitzungen wird auf die gültige Tagesordnung verwiesen. Beim Anklicken landet man im <a href="https://www.amt-hohe-elbgeest.sitzung-online.de/public/si010" target="_blank" rel="noopener">Sitzungskalender</a> auf der Seite des Amts Hohe Elbgeest. Sobald das Protokoll eingestellt ist, kann es auch dort im rechten oberen Teil aufgerufen werden.</span></em></p>
<p><em><span style="font-family: verdana, geneva;">Wir wünschen Ihnen viel Spaß beim Durchstöbern der Seiten.</span></em></p>
<p><em><span style="font-family: verdana, geneva;">Öffnungszeiten des Rathauses:<br />
Börnsenerstr. 21</span></em><em><br />
</em><em><span style="font-family: verdana, geneva;">Montag  9.00-</span></em><em><span style="font-family: verdana, geneva;">12</span></em><em><span style="font-family: verdana, geneva;">.00 / </span></em><em><span style="font-family: verdana, geneva;">13.00-18.00 </span></em><em><span style="font-family: verdana, geneva;">Uhr<br />
Donnerstag 9.00-1</span></em><em><span style="font-family: verdana, geneva;">2</span></em><em><span style="font-family: verdana, geneva;">.00 /</span></em><em><span style="font-family: verdana, geneva;">13.00-17 </span></em><em><span style="font-family: verdana, geneva;">Uhr<br />
 </span></em><em><br />
</em><em><span style="font-family: verdana, geneva;">Bürgermeister</span></em><em><span style="font-family: verdana, geneva;">in-S</span></em><em><span style="font-family: verdana, geneva;">prechstunde<br />
</span></em><em><span style="font-family: verdana, geneva;">nach vorheriger Vereinbarung</span></em></p>
</blockquote>

<p>Dass Sie uns auf unserer Webseite besuchen, freut uns. Haben Sie unseren Ort auch schon besucht? Dann sollten Sie das schöne Börnsen einmal besuchen, es sei denn, Sie kennen es schon oder wohnen hier im Ort. Wir von der SPD-Börnsen &hellip; <a href="https://spd-boernsen.net/?page_id=1714">Weiterlesen <span class="meta-nav">&rarr;</span></a></p>
<a href="https://spd-boernsen.net/?page_id=1714"> weiterlesen...</a>
